 b(-8). Suppose -4*d + 2*p + 42 = 0, -2*d + 6 = c*p - 6. Suppose 6*t = d*t - 333. What is the tens digit of t?
1
Suppose -31*p + 570477 + 103612 = 40635. What is the thousands digit of p?
0
Let g = 9495 + 1231. What is the tens digit of g?
2
Suppose p + 2*m - 12046 = 0, 1384*p - 60176 = 1379*p - m. What is the units digit of p?
4
Let x = -34 - -38. Suppose -x*r - 2*a = -2820, -r - r = 3*a - 1406. Suppose 5*c = -126 + r. What is the units digit of c?
6
Let v = -8844 + 19056. What is the tens digit of v?
1
Suppose 0 = -27*t + 136836 - 1647. What is the hundreds digit of t?
0
Let c(i) = 3*i**3 + 5*i**2 - 5*i + 2. Let y be c(-5). Let o = y + 327. Let h = o - 62. What is the tens digit of h?
4
Let b = -17882 + 36250. What is the units digit of b?
8
Let v = 6151 - 4923. What is the tens digit of v?
2
Suppose -487*l + 452*l + 259455 = 0. What is the hundreds digit of l?
4
Let t(s) = s**2 - s - 13. Suppose -n - 19 = -12. Let v be t(n). Suppose -v = -2*p + 115. What is the units digit of p?
9
Let f = -75488 - -124574. What is the thousands digit of f?
9
Let m(c) = 1304*c**2 + 124*c - 587. What is the units digit of m(6)?
1
Suppose 0 = 4*y + 3*s + 101094 - 359217, y = -s + 64533. What is the tens digit of y?
2
Let d = -3574 + 7253. What is the thousands digit of d?
3
Suppose 4*q = 12, 0*q - 17 = t - 5*q. Let u be (0 - 2) + (7 + -2197 - 0). What is the hundreds digit of 3/2*(u/12)/t?
1
Suppose 0 = 386*o + 211*o - 33136485. What is the tens digit of o?
0
Let w(u) = -u**2 + 517*u + 38240. What is the ten thousands digit of w(0)?
3
Suppose 927 = -32*i + 41*i. Suppose 101*y - i*y = -2326. What is the thousands digit of y?
1
What is the ten thousands digit of ((-8488)/3)/(((-860)/510)/43)?
7
Suppose -44*a + 37*a = 0. Suppose a*g + 105 = 5*g. What is the units digit of 0 + (-867)/(-9) - (-14)/g?
7
Suppose -68*a + 178*a = 2628670. What is the hundreds digit of a?
8
Suppose 5 + 23 = 4*d. Let k(y) = 1 + 4*y**2 + d*y - 3*y**2 - 16 + 1. What is the units digit of k(-11)?
0
Let f(q) = -q**3 + 59*q**2 + 507*q + 6. What is the tens digit of f(42)?
8
What is the units digit of (-4 - 2064/(-9))*468/12 - -3?
1
Let l = 23208 - 18221. What is the hundreds digit of l?
9
Let o(i) = 60*i - 37. Let r(c) be the first derivative of -c**2/2 + 27. Let g(f) = o(f) + 2*r(f). What is the units digit of g(5)?
3
Let a = 159 - 143. Suppose a*p = 32*p - 7344. What is the hundreds digit of p?
4
Let l = -15 - 185. What is the tens digit of 150/(5*(-12)/l)?
0
Let m be 7192/(-14) - 12*(-10)/(-420). Let z = m + 880. What is the tens digit of z?
6
Let q be 77/1 + -1 + -4 + 1. Suppose 4*j = -5*y + q, 0 = -5*y + 3*j + 36 + 23. What is the units digit of y?
3
Let v(m) = 7*m**2 - 10*m - 6. Let q(i) = 13*i**2 - 19*i - 11. Let l(t) = -6*q(t) + 11*v(t). Let z be l(2). What is the tens digit of 5 + (3 - z) + 50?
5
Suppose 3*l - 5*l = 622. Let x = l - -518. What is the tens digit of x?
0
Let i = 79 + -81. What is the hundreds digit of -2*(-3)/i - (2 - 459)?
4
Let x = 158 - 63. Suppose l - 3*f = -f + 27, 3*l + f - x = 0. What is the tens digit of l?
3
Let c(m) = -372*m**2 + 365*m**2 + 8 - 4*m + 17 + 5*m**3 + 7*m**3. What is the units digit of c(4)?
5
Let p(w) = -4*w + 0*w + 4*w + 2*w + 33. Let n be p(-14). Suppose -5*l - 824 = -4*y, -442 = -4*y + 2*y - n*l. What is the tens digit of y?
1
Suppose 0 = 3*d - d - 5*u + 21, 19 = -3*d + 5*u. Let m be (9/(-45))/(2/(-50)). Suppose -5*h = -m*l - 1035, d = -l - 3. What is the tens digit of h?
0
What is the hundreds digit of (-90)/495 - 10902/(-66)?
1
Suppose -106*t + 854463 = -18*t + 331039. What is the hundreds digit of t?
9
Let m(s) = -3 - s + 16 + 4. Suppose 21 - 9 = -6*n - 24. What is the tens digit of m(n)?
2
Let t = -5037 + 6096. What is the tens digit of t?
5
Suppose 400 = c + 9*c. Suppose 5173 + 1907 = c*h. What is the units digit of h?
7
Let y(q) = -q**3 - 6*q**2 - q + 24. Let t be y(-21). Suppose -t = -0*p - 20*p. What is the units digit of p?
3
Let t be -5*(70/25 + -8). Suppose -43707 = -t*u - 7307. What is the hundreds digit of u?
4
Let p be (-14 - -11) + 9*1. Suppose -50 = -p*j - 32. Suppose -j*t - 5 = -86. What is the tens digit of t?
2
Let k = 7867 - 636. What is the tens digit of k?
3
Let y(u) = -1022*u - 903. What is the tens digit of y(-11)?
3
Let q(f) = f**3 - 7*f**2 - 7*f - 4. Let g be q(8). Suppose -g*a - a + 1180 = -5*d, -4*d - 221 = -a. Let v = a + -131. What is the hundreds digit of v?
1
Suppose 0 = 18*o - 15*o + 5*x - 65793, -5*o - 2*x + 109617 = 0. What is the hundreds digit of o?
9
Let u(t) = 40*t**2 + 77*t + 1900. What is the tens digit of u(-23)?
8
Suppose 5*u = 4*u + 4*u. Suppose u = r - 22*r + 33705. What is the thousands digit of r?
1
Let b(y) = -y**3 + 7*y**2 + 2*y + 9. Let q be b(7). Suppose 0 = -5*u + q - 8. Suppose u*f - 270 = -3*x, x - 26 = -5*f + 76. What is the units digit of x?
7
Let p = 65 + -60. Let t be 2/((-2)/p)*(-804)/30. Suppose -2*q + t = d, 2*q + 107 + 319 = 3*d. What is the tens digit of d?
4
Let a be -1*(-196)/(-4 - 3). Let v(h) = -h**2 - 38*h + 43. What is the tens digit of v(a)?
2
Suppose -131*c = -93*c - 272612. What is the thousands digit of c?
7
Suppose 5*a + 12*q - 9*q - 8940 = 0, -5*a + 8930 = q. Suppose 3*g = -5*b + a + 454, -g + 3 = 0. What is the units digit of b?
6
Let p be ((-2)/5)/((-1)/2525). Suppose -p = -4*v - 4*b + 1094, -1606 = -3*v + 4*b. Suppose 8*x - v = 3*x. What is the hundreds digit of x?
1
What is the tens digit of (-1691128)/(-104) - 4/(-26)?
6
Let l = 16073 - 10515. What is the units digit of l?
8
Suppose g - 2*g - 17 = -5*b, -g + 7 = b. Let u be 5 - 1095/(-3) - g. Let r = u - 197. What is the hundreds digit of r?
1
Let x(f) = -3*f + 1766. What is the units digit of x(-36)?
4
Suppose 3*g - 12 = 0, 2*r - 3*g = -0*r + 186. Suppose c = -s + 15 + 32, 2*c + 3*s = r. Suppose 5*m = 5*p + c + 78, 5*p = 2*m - 60. What is the tens digit of m?
2
Let g(v) = 6*v**2 - 107*v - 3441. What is the tens digit of g(-37)?
3
Let g = 38380 - 12632. What is the tens digit of g?
4
Let t(m) = -m**3 + 13*m**2 - 23*m + 11. Let w be t(11). Suppose 44*i - 41*i - 51 = w. Suppose 0 = 2*j - 77 - i. What is the units digit of j?
7
Let f(d) = 341*d**2 - 16*d + 60. Let h be f(4). Let p = h + -3800. What is the units digit of p?
2
Suppose 4*n - 364296 = -4*z, -55*n + z = -52*n - 273234. What is the tens digit of n?
7
Let a = -10482 - -30493. What is the tens digit of a?
1
Let k be 3 + (600/5)/(-12). Let c = 3 + -2. What is the units digit of (42 + k)/(0 + c)?
5
Suppose -5*p + 66311 = -2*f, 4*f = 4*p + 9*f - 53029. What is the hundreds digit of p?
2
What is the ten thousands digit of (-12 - -5) + (-92718)/((-8)/4) + 5?
4
Let o(f) = -7*f**2 - 83 + 3*f - 5*f**2 + 13*f**2. What is the tens digit of o(16)?
2
Let p(v) = 3*v**2 + 9*v + 35. Let s be p(-15). Suppose -2*l = -3*r - s, 0 = l - 5*r - 73 - 225. What is the tens digit of l?
8
Let l = -18422 + 35494. Suppose -24*p = -2*p - l. What is the tens digit of p?
7
Let f = 808 + -531. Let t = f + -128. What is the hundreds digit of t?
1
Let o(u) = -20*u**3 - 3*u**2 + 5*u + 1. Let g(x) = -19*x**3 - 3*x**2 + 6*x + 2. Let b(c) = 6*g(c) - 7*o(c). What is the tens digit of b(2)?
2
Let y = 3388 - 1497. What is the units digit of y?
1
Let a be (-9648)/(-18) - (2 + 2). What is the tens digit of 28 + a - 4/(-2)?
6
Let k(y) = 19*y**3 + 25*y**2 - 103*y + 1475. What is the thousands digit of k(15)?
9
Let b(s) = -s**3 + 6*s**2 + 8*s - 5. Let q be b(7). Let d be -4*((-12)/(-2) + q). Let u = 33 + d. What is the units digit of u?
1
Let n(y) = -y**3 - 36*y**2 - 37*y - 70. Let z be n(-35). Suppose -371 = -5*v - 3*l - l, z = 5*v - l - 376. What is the tens digit of v?
7
Let j be (32/(-6))/(7 + (-115)/15). Let s be -3 - (0 + 174 - j/8). Let u = s - -295. What is the units digit of u?
9
Suppose -2*n = -2*d + 10, 4*d - n + 5*n = -20. Let w(o) = -o + 100. Let h be w(d). Let y = h + -45. What is the tens digit of y?
5
Let l = 21162 - 14432. What is the thousands digit of l?
6
Let b(f) = -3*f**2 - 19*f + 28. Let o(x) = x**3 + 6*x**2 - 3*x + 22. Let l be o(-7). What is the tens digit of b(l)?
3
Let j(d) = 14*d + 14*d - 29*d. Let r be j(-2). Suppose 0 = -r*c + 3*c - 47. What is the units digit of c?
7
Suppose -4*g + 5*a + 309661 = 0, g - 77428 = 53*a - 56*a. What is the hundreds digit of g?
4
Let f(j) 